{"id":85096,"date":"2021-10-25T02:12:39","date_gmt":"2021-10-25T02:12:39","guid":{"rendered":"https:\/\/www.baca.ca\/frederique-gros-louis-regalia\/"},"modified":"2024-01-23T15:18:34","modified_gmt":"2024-01-23T19:18:34","slug":"frederique-gros-louis-regalia","status":"publish","type":"page","link":"https:\/\/www.baca.ca\/en\/galerie-shekon\/frederique-gros-louis-regalia\/","title":{"rendered":"Fr\u00e9d\u00e9rique Gros-Louis: Regalia"},"content":{"rendered":"<div class=\"wpb-content-wrapper\"><p>[vc_row][vc_column width=&#8221;1\/2&#8243;][vc_column_text uncode_shortcode_id=&#8221;313550&#8243;]November 11 &#8211; December 18, 2021<br \/>\nFr\u00e9d\u00e9rique Gros-Louis: <em>Regalia<\/em><\/p>\n<p>We invite you on Saturday, November 13 at 2:00 p.m. for the launch of the exhibition <em>Regalia<\/em> in the presence of the artist Fr\u00e9d\u00e9rique Gros-Louis.<\/p>\n<p>She:kon Gallery<br \/>\n5826 Saint-Hubert (2nd floor)<br \/>\nTio&#8217;tia:ke (Montreal, QC)<\/p>\n<p>The exhibition features four complete regalia, belonging to the artist Fr\u00e9d\u00e9rique Gros-Louis (Wendat) and her two children. The patterns, materials and accessories that make up the regalia are real cultural landmarks. The regalia is much more than a dance garment, it preserves the spiritual bond with ancestors and traditions. Making regalia is a spiritual activity.<\/p>\n<p>&#8220;The dream is very important to the First Nations; it is a message that comes to us directly from the creator. Designing regalia and beading is a traditional process of healing and prayer that enables my personal growth.\u201d Frederique Gros-Louis<\/p>\n<p>In her work, Fr\u00e9d\u00e9rique Gros-Louis is inspired by nature and her dreams to design her regalia. The artist incorporates notions of history and current events in her beaded patterns, with female figures and shadows that evoke the murdered and missing sisters. Wearing your regalia is carrying the past and the present of your people, their status, their gender, their family. Each element of the regalia has a symbolic or ritual value.<\/p>\n<p>The Jingle dress, which often makes up the female regalia, is worn to perform the Jingle dance, a healing dance. The dress has 365 jingles sewn onto the lower part of the dress. Those jingles were formerly made from the lids of metal tobacco jars.<\/p>\n<p>Fr\u00e9d\u00e9rique Gros-Louis is a young Wendat artist who grew up in Wendake, near Quebec City where she attended school. It was in her late teens that she recognized her identity as a First Nations person. Since that time, she has continued her apprenticeship in Wendat traditions. She has been making regalia since 2015 and she offers beadwork and regalia design classes to members of her community who want to learn about these skills. As a young mother since 2018, this made her aware of the importance of cultural transmission. In 2021, she received the Premi\u00e8re Ovation grant, a measure to support the next generation of artists from the Manif d&#8217;Art de Qu\u00e9bec. Fr\u00e9d\u00e9rique Gros-Louis is a member of the Quebec Youth Research Network Chair for the Aboriginal component.<\/p>\n<p>Galerie She:kon, which means &#8220;hello&#8221; in Kanien&#8217;k\u00e9h\u00e0, focuses on showcasing solo exhibitions by up-and-coming Indigenous artists. This initiative aims to uncover fresh talent and provide an opportunity for those interested in curating their first exhibition.<\/p>\n<p>Acknowledgements<\/p>\n<p>La Biennale d\u2019art contemporain autochtone \/ The Contemporary Native Art Biennial (BACA) would like to thank the Conseil des arts et des lettres du Qu\u00e9bec (CALQ) for their financial support.[\/vc_column_text][\/vc_column][vc_column width=&#8221;1\/2&#8243;][vc_gallery el_id=&#8221;gallery-180021&#8243; medias=&#8221;85244,85242,85240,85238,85236,85234,85232,85230,85228,85226,85224,85222,85220,85218,85216,85214,85212,85210,85208,85206,85204,85202,85200,85198,85196,85194,85192,85190,85188,85186,85184,85182,85180,85178,85176,85174,85172,85170,85168,85166,85164,85162,85160,85158,85156,85154,85152,85150,85147,85145,85143,85141,85139,85137,85135,85133,85131&#8243; gutter_size=&#8221;3&#8243; screen_lg=&#8221;1000&#8243; screen_md=&#8221;600&#8243; screen_sm=&#8221;480&#8243; single_overlay_opacity=&#8221;50&#8243; single_padding=&#8221;2&#8243; uncode_shortcode_id=&#8221;106100&#8243;][\/vc_column][\/vc_row]<\/p>\n<\/div>","protected":false},"excerpt":{"rendered":"<p>[vc_row][vc_column width=&#8221;1\/2&#8243;][vc_column_text uncode_shortcode_id=&#8221;313550&#8243;]November 11 &#8211; December 18, 2021 Fr\u00e9d\u00e9rique Gros-Louis: Regalia We invite you on Saturday, November 13 at 2:00 [&hellip;]<\/p>\n","protected":false},"author":1,"featured_media":0,"parent":86609,"menu_order":0,"comment_status":"closed","ping_status":"closed","template":"","meta":{"footnotes":""},"class_list":["post-85096","page","type-page","status-publish","hentry"],"yoast_head":"<!-- This site is optimized with the Yoast SEO plugin v27.5 - https:\/\/yoast.com\/product\/yoast-seo-wordpress\/ -->\n<title>Fr\u00e9d\u00e9rique Gros-Louis: Regalia | La Biennale d\u2019art contemporain autochtone<\/title>\n<meta name=\"robots\" content=\"index, follow, max-snippet:-1, max-image-preview:large, max-video-preview:-1\" \/>\n<link rel=\"canonical\" href=\"https:\/\/www.baca.ca\/en\/galerie-shekon\/frederique-gros-louis-regalia\/\" \/>\n<meta property=\"og:locale\" content=\"en_US\" \/>\n<meta property=\"og:type\" content=\"article\" \/>\n<meta property=\"og:title\" content=\"Fr\u00e9d\u00e9rique Gros-Louis: Regalia | La Biennale d\u2019art contemporain autochtone\" \/>\n<meta property=\"og:description\" content=\"[vc_row][vc_column width=&#8221;1\/2&#8243;][vc_column_text uncode_shortcode_id=&#8221;313550&#8243;]November 11 &#8211; December 18, 2021 Fr\u00e9d\u00e9rique Gros-Louis: Regalia We invite you on Saturday, November 13 at 2:00 [&hellip;]\" \/>\n<meta property=\"og:url\" content=\"https:\/\/www.baca.ca\/en\/galerie-shekon\/frederique-gros-louis-regalia\/\" \/>\n<meta property=\"og:site_name\" content=\"La Biennale d\u2019art contemporain autochtone\" \/>\n<meta property=\"article:publisher\" content=\"https:\/\/www.facebook.com\/bacabiennale\/\" \/>\n<meta property=\"article:modified_time\" content=\"2024-01-23T19:18:34+00:00\" \/>\n<meta name=\"twitter:card\" content=\"summary_large_image\" \/>\n<meta name=\"twitter:label1\" content=\"Est. reading time\" \/>\n\t<meta name=\"twitter:data1\" content=\"3 minutes\" \/>\n<script type=\"application\/ld+json\" class=\"yoast-schema-graph\">{\"@context\":\"https:\\\/\\\/schema.org\",\"@graph\":[{\"@type\":\"WebPage\",\"@id\":\"https:\\\/\\\/www.baca.ca\\\/en\\\/galerie-shekon\\\/frederique-gros-louis-regalia\\\/\",\"url\":\"https:\\\/\\\/www.baca.ca\\\/en\\\/galerie-shekon\\\/frederique-gros-louis-regalia\\\/\",\"name\":\"Fr\u00e9d\u00e9rique Gros-Louis: Regalia | La Biennale d\u2019art contemporain autochtone\",\"isPartOf\":{\"@id\":\"https:\\\/\\\/www.baca.ca\\\/en\\\/#website\"},\"datePublished\":\"2021-10-25T02:12:39+00:00\",\"dateModified\":\"2024-01-23T19:18:34+00:00\",\"breadcrumb\":{\"@id\":\"https:\\\/\\\/www.baca.ca\\\/en\\\/galerie-shekon\\\/frederique-gros-louis-regalia\\\/#breadcrumb\"},\"inLanguage\":\"en-US\",\"potentialAction\":[{\"@type\":\"ReadAction\",\"target\":[\"https:\\\/\\\/www.baca.ca\\\/en\\\/galerie-shekon\\\/frederique-gros-louis-regalia\\\/\"]}]},{\"@type\":\"BreadcrumbList\",\"@id\":\"https:\\\/\\\/www.baca.ca\\\/en\\\/galerie-shekon\\\/frederique-gros-louis-regalia\\\/#breadcrumb\",\"itemListElement\":[{\"@type\":\"ListItem\",\"position\":1,\"name\":\"Home\",\"item\":\"https:\\\/\\\/www.baca.ca\\\/en\\\/\"},{\"@type\":\"ListItem\",\"position\":2,\"name\":\"Galerie Sh\u00e9:kon\",\"item\":\"https:\\\/\\\/www.baca.ca\\\/en\\\/galerie-shekon\\\/\"},{\"@type\":\"ListItem\",\"position\":3,\"name\":\"Fr\u00e9d\u00e9rique Gros-Louis: Regalia\"}]},{\"@type\":\"WebSite\",\"@id\":\"https:\\\/\\\/www.baca.ca\\\/en\\\/#website\",\"url\":\"https:\\\/\\\/www.baca.ca\\\/en\\\/\",\"name\":\"La Biennale d\u2019art contemporain autochtone\",\"description\":\"Contemporary Native Art Biennial (BACA)\",\"publisher\":{\"@id\":\"https:\\\/\\\/www.baca.ca\\\/en\\\/#organization\"},\"potentialAction\":[{\"@type\":\"SearchAction\",\"target\":{\"@type\":\"EntryPoint\",\"urlTemplate\":\"https:\\\/\\\/www.baca.ca\\\/en\\\/?s={search_term_string}\"},\"query-input\":{\"@type\":\"PropertyValueSpecification\",\"valueRequired\":true,\"valueName\":\"search_term_string\"}}],\"inLanguage\":\"en-US\"},{\"@type\":\"Organization\",\"@id\":\"https:\\\/\\\/www.baca.ca\\\/en\\\/#organization\",\"name\":\"BACA\",\"url\":\"https:\\\/\\\/www.baca.ca\\\/en\\\/\",\"logo\":{\"@type\":\"ImageObject\",\"inLanguage\":\"en-US\",\"@id\":\"https:\\\/\\\/www.baca.ca\\\/en\\\/#\\\/schema\\\/logo\\\/image\\\/\",\"url\":\"https:\\\/\\\/www.baca.ca\\\/wp-content\\\/uploads\\\/2018\\\/03\\\/BACA.png\",\"contentUrl\":\"https:\\\/\\\/www.baca.ca\\\/wp-content\\\/uploads\\\/2018\\\/03\\\/BACA.png\",\"width\":220,\"height\":50,\"caption\":\"BACA\"},\"image\":{\"@id\":\"https:\\\/\\\/www.baca.ca\\\/en\\\/#\\\/schema\\\/logo\\\/image\\\/\"},\"sameAs\":[\"https:\\\/\\\/www.facebook.com\\\/bacabiennale\\\/\",\"https:\\\/\\\/www.instagram.com\\\/bacabiennale\",\"https:\\\/\\\/bsky.app\\\/profile\\\/bacabiennale.bsky.social\"]}]}<\/script>\n<!-- \/ Yoast SEO plugin. -->","yoast_head_json":{"title":"Fr\u00e9d\u00e9rique Gros-Louis: Regalia | La Biennale d\u2019art contemporain autochtone","robots":{"index":"index","follow":"follow","max-snippet":"max-snippet:-1","max-image-preview":"max-image-preview:large","max-video-preview":"max-video-preview:-1"},"canonical":"https:\/\/www.baca.ca\/en\/galerie-shekon\/frederique-gros-louis-regalia\/","og_locale":"en_US","og_type":"article","og_title":"Fr\u00e9d\u00e9rique Gros-Louis: Regalia | La Biennale d\u2019art contemporain autochtone","og_description":"[vc_row][vc_column width=&#8221;1\/2&#8243;][vc_column_text uncode_shortcode_id=&#8221;313550&#8243;]November 11 &#8211; December 18, 2021 Fr\u00e9d\u00e9rique Gros-Louis: Regalia We invite you on Saturday, November 13 at 2:00 [&hellip;]","og_url":"https:\/\/www.baca.ca\/en\/galerie-shekon\/frederique-gros-louis-regalia\/","og_site_name":"La Biennale d\u2019art contemporain autochtone","article_publisher":"https:\/\/www.facebook.com\/bacabiennale\/","article_modified_time":"2024-01-23T19:18:34+00:00","twitter_card":"summary_large_image","twitter_misc":{"Est. reading time":"3 minutes"},"schema":{"@context":"https:\/\/schema.org","@graph":[{"@type":"WebPage","@id":"https:\/\/www.baca.ca\/en\/galerie-shekon\/frederique-gros-louis-regalia\/","url":"https:\/\/www.baca.ca\/en\/galerie-shekon\/frederique-gros-louis-regalia\/","name":"Fr\u00e9d\u00e9rique Gros-Louis: Regalia | La Biennale d\u2019art contemporain autochtone","isPartOf":{"@id":"https:\/\/www.baca.ca\/en\/#website"},"datePublished":"2021-10-25T02:12:39+00:00","dateModified":"2024-01-23T19:18:34+00:00","breadcrumb":{"@id":"https:\/\/www.baca.ca\/en\/galerie-shekon\/frederique-gros-louis-regalia\/#breadcrumb"},"inLanguage":"en-US","potentialAction":[{"@type":"ReadAction","target":["https:\/\/www.baca.ca\/en\/galerie-shekon\/frederique-gros-louis-regalia\/"]}]},{"@type":"BreadcrumbList","@id":"https:\/\/www.baca.ca\/en\/galerie-shekon\/frederique-gros-louis-regalia\/#breadcrumb","itemListElement":[{"@type":"ListItem","position":1,"name":"Home","item":"https:\/\/www.baca.ca\/en\/"},{"@type":"ListItem","position":2,"name":"Galerie Sh\u00e9:kon","item":"https:\/\/www.baca.ca\/en\/galerie-shekon\/"},{"@type":"ListItem","position":3,"name":"Fr\u00e9d\u00e9rique Gros-Louis: Regalia"}]},{"@type":"WebSite","@id":"https:\/\/www.baca.ca\/en\/#website","url":"https:\/\/www.baca.ca\/en\/","name":"La Biennale d\u2019art contemporain autochtone","description":"Contemporary Native Art Biennial (BACA)","publisher":{"@id":"https:\/\/www.baca.ca\/en\/#organization"},"potentialAction":[{"@type":"SearchAction","target":{"@type":"EntryPoint","urlTemplate":"https:\/\/www.baca.ca\/en\/?s={search_term_string}"},"query-input":{"@type":"PropertyValueSpecification","valueRequired":true,"valueName":"search_term_string"}}],"inLanguage":"en-US"},{"@type":"Organization","@id":"https:\/\/www.baca.ca\/en\/#organization","name":"BACA","url":"https:\/\/www.baca.ca\/en\/","logo":{"@type":"ImageObject","inLanguage":"en-US","@id":"https:\/\/www.baca.ca\/en\/#\/schema\/logo\/image\/","url":"https:\/\/www.baca.ca\/wp-content\/uploads\/2018\/03\/BACA.png","contentUrl":"https:\/\/www.baca.ca\/wp-content\/uploads\/2018\/03\/BACA.png","width":220,"height":50,"caption":"BACA"},"image":{"@id":"https:\/\/www.baca.ca\/en\/#\/schema\/logo\/image\/"},"sameAs":["https:\/\/www.facebook.com\/bacabiennale\/","https:\/\/www.instagram.com\/bacabiennale","https:\/\/bsky.app\/profile\/bacabiennale.bsky.social"]}]}},"_links":{"self":[{"href":"https:\/\/www.baca.ca\/en\/wp-json\/wp\/v2\/pages\/85096","targetHints":{"allow":["GET"]}}],"collection":[{"href":"https:\/\/www.baca.ca\/en\/wp-json\/wp\/v2\/pages"}],"about":[{"href":"https:\/\/www.baca.ca\/en\/wp-json\/wp\/v2\/types\/page"}],"author":[{"embeddable":true,"href":"https:\/\/www.baca.ca\/en\/wp-json\/wp\/v2\/users\/1"}],"replies":[{"embeddable":true,"href":"https:\/\/www.baca.ca\/en\/wp-json\/wp\/v2\/comments?post=85096"}],"version-history":[{"count":0,"href":"https:\/\/www.baca.ca\/en\/wp-json\/wp\/v2\/pages\/85096\/revisions"}],"up":[{"embeddable":true,"href":"https:\/\/www.baca.ca\/en\/wp-json\/wp\/v2\/pages\/86609"}],"wp:attachment":[{"href":"https:\/\/www.baca.ca\/en\/wp-json\/wp\/v2\/media?parent=85096"}],"curies":[{"name":"wp","href":"https:\/\/api.w.org\/{rel}","templated":true}]}}

Frédérique Gros-Louis: Regalia

<div class="wpb-content-wrapper"><p>[vc_row][vc_column width=&#8221;1/2&#8243;][vc_column_text uncode_shortcode_id=&#8221;313550&#8243;]November 11 &#8211; December 18, 2021<br />
Frédérique Gros-Louis: <em>Regalia</em></p>
<p>We invite you on Saturday, November 13 at 2:00 p.m. for the launch of the exhibition <em>Regalia</em> in the presence of the artist Frédérique Gros-Louis.</p>
<p>She:kon Gallery<br />
5826 Saint-Hubert (2nd floor)<br />
Tio&#8217;tia:ke (Montreal, QC)</p>
<p>The exhibition features four complete regalia, belonging to the artist Frédérique Gros-Louis (Wendat) and her two children. The patterns, materials and accessories that make up the regalia are real cultural landmarks. The regalia is much more than a dance garment, it preserves the spiritual bond with ancestors and traditions. Making regalia is a spiritual activity.</p>
<p>&#8220;The dream is very important to the First Nations; it is a message that comes to us directly from the creator. Designing regalia and beading is a traditional process of healing and prayer that enables my personal growth.” Frederique Gros-Louis</p>
<p>In her work, Frédérique Gros-Louis is inspired by nature and her dreams to design her regalia. The artist incorporates notions of history and current events in her beaded patterns, with female figures and shadows that evoke the murdered and missing sisters. Wearing your regalia is carrying the past and the present of your people, their status, their gender, their family. Each element of the regalia has a symbolic or ritual value.</p>
<p>The Jingle dress, which often makes up the female regalia, is worn to perform the Jingle dance, a healing dance. The dress has 365 jingles sewn onto the lower part of the dress. Those jingles were formerly made from the lids of metal tobacco jars.</p>
<p>Frédérique Gros-Louis is a young Wendat artist who grew up in Wendake, near Quebec City where she attended school. It was in her late teens that she recognized her identity as a First Nations person. Since that time, she has continued her apprenticeship in Wendat traditions. She has been making regalia since 2015 and she offers beadwork and regalia design classes to members of her community who want to learn about these skills. As a young mother since 2018, this made her aware of the importance of cultural transmission. In 2021, she received the Première Ovation grant, a measure to support the next generation of artists from the Manif d&#8217;Art de Québec. Frédérique Gros-Louis is a member of the Quebec Youth Research Network Chair for the Aboriginal component.</p>
<p>Galerie She:kon, which means &#8220;hello&#8221; in Kanien&#8217;kéhà, focuses on showcasing solo exhibitions by up-and-coming Indigenous artists. This initiative aims to uncover fresh talent and provide an opportunity for those interested in curating their first exhibition.</p>
<p>Acknowledgements</p>
<p>La Biennale d’art contemporain autochtone / The Contemporary Native Art Biennial (BACA) would like to thank the Conseil des arts et des lettres du Québec (CALQ) for their financial support.[/vc_column_text][/vc_column][vc_column width=&#8221;1/2&#8243;][vc_gallery el_id=&#8221;gallery-180021&#8243; medias=&#8221;85244,85242,85240,85238,85236,85234,85232,85230,85228,85226,85224,85222,85220,85218,85216,85214,85212,85210,85208,85206,85204,85202,85200,85198,85196,85194,85192,85190,85188,85186,85184,85182,85180,85178,85176,85174,85172,85170,85168,85166,85164,85162,85160,85158,85156,85154,85152,85150,85147,85145,85143,85141,85139,85137,85135,85133,85131&#8243; gutter_size=&#8221;3&#8243; screen_lg=&#8221;1000&#8243; screen_md=&#8221;600&#8243; screen_sm=&#8221;480&#8243; single_overlay_opacity=&#8221;50&#8243; single_padding=&#8221;2&#8243; uncode_shortcode_id=&#8221;106100&#8243;][/vc_column][/vc_row]</p>
</div>

<p>[vc_row][vc_column width=&#8221;1/2&#8243;][vc_column_text uncode_shortcode_id=&#8221;313550&#8243;]November 11 &#8211; December 18, 2021 Frédérique Gros-Louis: Regalia We invite you on Saturday, November 13 at 2:00 [&hellip;]</p>

<!-- This site is optimized with the Yoast SEO plugin v27.5 - https://yoast.com/product/yoast-seo-wordpress/ -->
<title>Frédérique Gros-Louis: Regalia | La Biennale d’art contemporain autochtone</title>
<meta name="robots" content="index, follow, max-snippet:-1, max-image-preview:large, max-video-preview:-1" />
<link rel="canonical" href="https://www.baca.ca/en/galerie-shekon/frederique-gros-louis-regalia/" />
<meta property="og:locale" content="en_US" />
<meta property="og:type" content="article" />
<meta property="og:title" content="Frédérique Gros-Louis: Regalia | La Biennale d’art contemporain autochtone" />
<meta property="og:description" content="[vc_row][vc_column width=&#8221;1/2&#8243;][vc_column_text uncode_shortcode_id=&#8221;313550&#8243;]November 11 &#8211; December 18, 2021 Frédérique Gros-Louis: Regalia We invite you on Saturday, November 13 at 2:00 [&hellip;]" />
<meta property="og:url" content="https://www.baca.ca/en/galerie-shekon/frederique-gros-louis-regalia/" />
<meta property="og:site_name" content="La Biennale d’art contemporain autochtone" />
<meta property="article:publisher" content="https://www.facebook.com/bacabiennale/" />
<meta property="article:modified_time" content="2024-01-23T19:18:34+00:00" />
<meta name="twitter:card" content="summary_large_image" />
<meta name="twitter:label1" content="Est. reading time" />
	<meta name="twitter:data1" content="3 minutes" />
<script type="application/ld+json" class="yoast-schema-graph">{"@context":"https:\/\/schema.org","@graph":[{"@type":"WebPage","@id":"https:\/\/www.baca.ca\/en\/galerie-shekon\/frederique-gros-louis-regalia\/","url":"https:\/\/www.baca.ca\/en\/galerie-shekon\/frederique-gros-louis-regalia\/","name":"Frédérique Gros-Louis: Regalia | La Biennale d’art contemporain autochtone","isPartOf":{"@id":"https:\/\/www.baca.ca\/en\/#website"},"datePublished":"2021-10-25T02:12:39+00:00","dateModified":"2024-01-23T19:18:34+00:00","breadcrumb":{"@id":"https:\/\/www.baca.ca\/en\/galerie-shekon\/frederique-gros-louis-regalia\/#breadcrumb"},"inLanguage":"en-US","potentialAction":[{"@type":"ReadAction","target":["https:\/\/www.baca.ca\/en\/galerie-shekon\/frederique-gros-louis-regalia\/"]}]},{"@type":"BreadcrumbList","@id":"https:\/\/www.baca.ca\/en\/galerie-shekon\/frederique-gros-louis-regalia\/#breadcrumb","itemListElement":[{"@type":"ListItem","position":1,"name":"Home","item":"https:\/\/www.baca.ca\/en\/"},{"@type":"ListItem","position":2,"name":"Galerie Shé:kon","item":"https:\/\/www.baca.ca\/en\/galerie-shekon\/"},{"@type":"ListItem","position":3,"name":"Frédérique Gros-Louis: Regalia"}]},{"@type":"WebSite","@id":"https:\/\/www.baca.ca\/en\/#website","url":"https:\/\/www.baca.ca\/en\/","name":"La Biennale d’art contemporain autochtone","description":"Contemporary Native Art Biennial (BACA)","publisher":{"@id":"https:\/\/www.baca.ca\/en\/#organization"},"potentialAction":[{"@type":"SearchAction","target":{"@type":"EntryPoint","urlTemplate":"https:\/\/www.baca.ca\/en\/?s={search_term_string}"},"query-input":{"@type":"PropertyValueSpecification","valueRequired":true,"valueName":"search_term_string"}}],"inLanguage":"en-US"},{"@type":"Organization","@id":"https:\/\/www.baca.ca\/en\/#organization","name":"BACA","url":"https:\/\/www.baca.ca\/en\/","logo":{"@type":"ImageObject","inLanguage":"en-US","@id":"https:\/\/www.baca.ca\/en\/#\/schema\/logo\/image\/","url":"https:\/\/www.baca.ca\/wp-content\/uploads\/2018\/03\/BACA.png","contentUrl":"https:\/\/www.baca.ca\/wp-content\/uploads\/2018\/03\/BACA.png","width":220,"height":50,"caption":"BACA"},"image":{"@id":"https:\/\/www.baca.ca\/en\/#\/schema\/logo\/image\/"},"sameAs":["https:\/\/www.facebook.com\/bacabiennale\/","https:\/\/www.instagram.com\/bacabiennale","https:\/\/bsky.app\/profile\/bacabiennale.bsky.social"]}]}</script>
<!-- / Yoast SEO plugin. -->

Frédérique Gros-Louis: Regalia | La Biennale d’art contemporain autochtone

[vc_row][vc_column width=&#8221;1/2&#8243;][vc_column_text uncode_shortcode_id=&#8221;313550&#8243;]November 11 &#8211; December 18, 2021 Frédérique Gros-Louis: Regalia We invite you on Saturday, November 13 at 2:00 [&hellip;]

Galerie Shé:kon
